ue
Is 215851992 a multiple of 46?
False
Is 139229761 a multiple of 24?
False
Is 900851006 a multiple of 481?
False
Is 3669945 a multiple of 24?
False
Is 67522538 a multiple of 593?
True
Is 33 a factor of 848958?
True
Is 106 a factor of 131362938?
True
Does 33 divide 7454667?
True
Is 1736878 a multiple of 143?
True
Does 45 divide 43890930?
True
Is 1252 a factor of 27511448?
True
Does 7 divide 147144564?
True
Does 41 divide 133972929?
False
Does 5056 divide 37028527?
False
Is 132 a factor of 30322248?
True
Is 100 a factor of 1197690600?
True
Does 66 divide 169968545?
False
Does 397 divide 23724246?
False
Does 9 divide 965251647?
True
Does 88 divide 23207976?
True
Is 3291724 a multiple of 10?
False
Does 102 divide 219541569?
False
Is 3443680506 a multiple of 11687?
False
Does 809 divide 623398045?
False
Does 746 divide 17941670?
False
Is 5262181 a multiple of 1812?
False
Is 310482452 a multiple of 14?
True
Does 13 divide 36134504?
False
Does 29 divide 603698120?
False
Is 37639969 a multiple of 45?
False
Is 194 a factor of 1113739061?
False
Does 29 divide 15869197?
False
Is 838 a factor of 201900635?
False
Is 21670308 a multiple of 198?
True
Does 1225 divide 115512600?
True
Is 29 a factor of 78837486?
True
Does 263 divide 45585790?
True
Is 51018351 a multiple of 115?
False
Does 27 divide 10879023?
False
Is 306783953 a multiple of 2?
False
Does 82 divide 3351783743?
False
Does 73 divide 3002017?
False
Does 198 divide 1464012?
True
Is 16080538 a multiple of 578?
True
Is 4 a factor of 23581500?
True
Is 53 a factor of 1099774910?
True
Does 58 divide 3148643269?
False
Is 410 a factor of 61883760?
True
Does 1219 divide 43334231?
True
Does 2144 divide 901151072?
True
Is 207674640 a multiple of 2152?
False
Is 1095473 a multiple of 6?
False
Does 324 divide 35855572?
False
Is 111 a factor of 17660655?
True
Does 14 divide 18579134?
True
Is 348284755 a multiple of 35?
True
Does 2401 divide 8642564?
False
Is 340 a factor of 137981173?
False
Is 491640 a multiple of 17?
True
Is 2037619048 a multiple of 4573?
True
Does 156 divide 15678156?
True
Does 24 divide 25022928?
True
Is 852 a factor of 867115332?
True
Is 8801846 a multiple of 10?
False
Is 108952142 a multiple of 2867?
False
Does 813 divide 597555?
True
Does 2446 divide 3382363044?
True
Is 372 a factor of 935083008?
True
Does 5 divide 899453?
False
Does 1616 divide 611945264?
True
Is 260781341 a multiple of 10?
False
Does 13 divide 4318791375?
False
Does 301 divide 647915233?
False
Is 744745908 a multiple of 1542?
True
Is 38 a factor of 183090870?
False
Is 36603196 a multiple of 49?
True
Does 1155 divide 62807745?
True
Does 8 divide 185987992?
True
Is 26 a factor of 1455805832?
True
Does 40 divide 7696170?
False
Is 50 a factor of 166983527?
False
Is 67248513 a multiple of 152?
False
Does 3151 divide 133674873?
True
Is 13 a factor of 49247086?
False
Is 218574770 a multiple of 21?
False
Does 3098 divide 331659459?
False
Is 2794 a factor of 1812188400?
True
Is 12 a factor of 12472596?
True
Is 223205165 a multiple of 3191?
False
Is 12 a factor of 263406?
False
Does 76 divide 3730612?
True
Is 141080628 a multiple of 78?
True
Is 858424877 a multiple of 4099?
True
Is 225539312 a multiple of 3274?
True
Is 408188833 a multiple of 368?
False
Does 1148 divide 27143312?
True
Is 21135436 a multiple of 887?
True
Is 641953254 a multiple of 2138?
False
Is 718333962 a multiple of 1455?
False
Is 432593530 a multiple of 10?
True
Does 19 divide 57891594?
True
Does 47 divide 2159244766?
True
Is 8 a factor of 21301963?
False
Does 1506 divide 65928888?
False
Is 172 a factor of 1144591?
False
Is 2 a factor of 13368217?
False
Does 19 divide 130690085?
False
Is 17399088 a multiple of 1263?
True
Does 48 divide 2602662?
False
Is 22 a factor of 642381938?
True
Is 153 a factor of 7057584?
True
Is 98 a factor of 478194234?
True
Is 13884680 a multiple of 20?
True
Is 373098690 a multiple of 846?
True
Is 11 a factor of 355476153?
False
Does 13 divide 16001965?
False
Is 163224208 a multiple of 59?
True
Does 95 divide 166363715?
True
Is 616871030 a multiple of 910?
False
Is 16 a factor of 3565492192?
True
Is 16 a factor of 365783250?
False
Does 324 divide 137608308?
True
Is 518 a factor of 1197124418?
True
Is 11 a factor of 1816990911?
False
Does 14 divide 262089380?
True
Is 314 a factor of 1085621088?
True
Does 111 divide 3380700578?
False
Is 753889650 a multiple of 3585?
True
Is 802251324 a multiple of 196?
True
Is 443 a factor of 629788292?
True
Is 10365102 a multiple of 363?
True
Does 13 divide 26307177?
True
Is 214 a factor of 19051564?
True
Is 12 a factor of 1241031229?
False
Does 822 divide 597216656?
False
Is 9 a factor of 1542676284?
True
Is 228670318 a multiple of 14?
False
Is 2318181474 a multiple of 8905?
False
Does 130 divide 17537390?
True
Is 111 a factor of 6343872?
True
Does 2248 divide 1306497136?
True
Is 13 a factor of 150521627?
False
Is 358017130 a multiple of 10?
True
Does 153 divide 34812243?
True
Does 25 divide 15580550?
True
Is 389658 a multiple of 101?
True
Does 622 divide 1834277378?
True
Is 195 a factor of 421797870?
True
Is 494 a factor of 39655748?
False
Is 282033008 a multiple of 2342?
True
Is 30 a factor of 1716579652?
False
Does 22 divide 137522594?
True
Is 12 a factor of 187857984?
True
Does 20 divide 11391394?
False
Is 7 a factor of 39045208?
False
Is 429710510 a multiple of 48?
False
Is 238 a factor of 11912273?
False
Is 226941380 a multiple of 3587?
False
Does 107 divide 17803629?
False
Is 86 a factor of 4022157502?
False
Does 2370 divide 71180580?
True
Does 95 divide 52570435?
True
Is 81946250 a multiple of 1612?
False
Is 435366720 a multiple of 48?
True
Is 91444158 a multiple of 1186?
True
Is 12485131 a multiple of 8?
False
Is 4732656364 a multiple of 12?
False
Is 3403174 a multiple of 4?
False
Is 1353 a factor of 334518426?
True
Is 29290939 a multiple of 95?
False
Is 19 a factor of 24908316?
True
Is 7656145 a multiple of 70?
False
Is 88 a factor of 67289165?
False
Is 77 a factor of 4862273934?
False
Is 18 a factor of 458678718?
True
Does 15 divide 662592?
False
Does 7 divide 1794647?
False
Does 71 divide 62941429?
True
Does 183 divide 15029299?
False
Does 30 divide 132076140?
True
Is 34 a factor of 4710193604?
True
Does 39 divide 26282926?
False
Does 11 divide 367453361?
True
Does 103 divide 99487597?
True
Is 27 a factor of 38075103?
True
Is 501820 a multiple of 11?
True
Is 170043420 a multiple of 68?
False
Is 29 a factor of 310996627?
False
Is 2570665 a multiple of 47?
True
Is 41293330 a multiple of 1931?
False
Is 29819962 a multiple of 25?
False
Is 55412355 a multiple of 67?
False
Does 22 divide 445598120?
True
Is 18138951 a multiple of 883?
False
Is 86964328 a multiple of 38?
False
Is 843925522 a multiple of 128?
False
Does 461 divide 70128242?
True
Is 84 a factor of 7886172?
True
Is 20643896 a multiple of 29?
False
Is 27273699 a multiple of 7?
False
Is 5 a factor of 33258775?
True
Is 1350 a factor of 90513450?
True
Is 284483615 a multiple of 31?
False
Is 7 a factor of 212600668?
True
Is 181 a factor of 113075949?
True
Is 9 a factor of 715997825?
False
Is 35 a factor of 25389595?
True
Does 50 divide 140971050?
True
Does 2035 divide 56275890?
True
Is 48547495 a multiple of 310?
False
Is 402215 a multiple of 5?
True
Does 731 divide 29320410?
True
Is 2414 a factor of 11809817?
False
Is 18 a factor of 22856616?
True
Is 38 a factor of 14756460?
False
Does 314 divide 28416296?
False
Is 693407106 a multiple of 42?
True
Is 191887459 a multiple of 459?
False
Is 19 a factor of 1099530?
True
Does 9 divide 28722029?
False
Is 176954236 a multiple of 66?
False
Is 23370821 a multiple of 118?
False
Is 4 a factor of 184151299?
False
Does 24 divide 9241650?
False
Is 543 a factor of 119994918?
False
Does 67 divide 3772892?
False
Is 1523 a factor of 17753611?
True
Is 73819210 a multiple of 686?
False
Is 237713 a multiple of 2?
False
Is 288 a factor of 917014464?
True
Is 188034144 a multiple of 411?
True
Is 12125733 a multiple of 3788?
False
Is 655012458 a multiple of 18?
True
Is 29 a factor of 194584345?
True
Is 12947922 a multiple of 13?
True
Is 72283654 a multiple of 163?
True
Is 92864364 a multiple of 110?
False
Is 215 a factor of 251816385?
True
Is 87810766 a multiple of 16?
False
Is 14634195 a multiple of 6?
Fa